{"id":104,"date":"2026-03-27T16:12:38","date_gmt":"2026-03-27T15:12:38","guid":{"rendered":"https:\/\/neu.klassenpinnwand.at\/?page_id=104"},"modified":"2026-04-07T12:03:52","modified_gmt":"2026-04-07T10:03:52","slug":"infos-zur-klassenpinnwand","status":"publish","type":"page","link":"https:\/\/neu.klassenpinnwand.at\/?page_id=104","title":{"rendered":"Infos zur Klassenpinnwand"},"content":{"rendered":"\n<div class=\"wp-block-columns is-layout-flex wp-container-core-columns-is-layout-28f84493 wp-block-columns-is-layout-flex\">\n<div class=\"wp-block-column is-layout-flow wp-block-column-is-layout-flow\">\n<h3 class=\"wp-block-heading\">Die perfekte Erg\u00e4nzung f\u00fcr internetgest\u00fctzten Unterricht &amp; Elternkommunikation!<\/h3>\n\n\n\n<p>Die perfekte Erg\u00e4nzung f\u00fcr internetgest\u00fctzten Unterricht &amp; Elternkommunikation!<\/p>\n\n\n\n<p>&#8220;Genial einfach \u2013 ganz einfach genial.&#8221; so das Motto der Klassenpinnwand. Sie ist das Werkzeug f\u00fcr internetgest\u00fctzten Unterricht in der Volksschule.<br>hallo! &#8211; die App zur Klassenpinnwand erg\u00e4nzt ab sofort das Portfolio um die pers\u00f6nliche Elternkommunikation! Probieren Sie es einfach aus!<\/p>\n<\/div>\n<\/div>\n","protected":false},"excerpt":{"rendered":"","protected":false},"author":1,"featured_media":0,"parent":0,"menu_order":0,"comment_status":"closed","ping_status":"closed","template":"","meta":{"footnotes":""},"class_list":["post-104","page","type-page","status-publish","hentry"],"_links":{"self":[{"href":"https:\/\/neu.klassenpinnwand.at\/index.php?rest_route=\/wp\/v2\/pages\/104","targetHints":{"allow":["GET"]}}],"collection":[{"href":"https:\/\/neu.klassenpinnwand.at\/index.php?rest_route=\/wp\/v2\/pages"}],"about":[{"href":"https:\/\/neu.klassenpinnwand.at\/index.php?rest_route=\/wp\/v2\/types\/page"}],"author":[{"embeddable":true,"href":"https:\/\/neu.klassenpinnwand.at\/index.php?rest_route=\/wp\/v2\/users\/1"}],"replies":[{"embeddable":true,"href":"https:\/\/neu.klassenpinnwand.at\/index.php?rest_route=%2Fwp%2Fv2%2Fcomments&post=104"}],"version-history":[{"count":3,"href":"https:\/\/neu.klassenpinnwand.at\/index.php?rest_route=\/wp\/v2\/pages\/104\/revisions"}],"predecessor-version":[{"id":140,"href":"https:\/\/neu.klassenpinnwand.at\/index.php?rest_route=\/wp\/v2\/pages\/104\/revisions\/140"}],"wp:attachment":[{"href":"https:\/\/neu.klassenpinnwand.at\/index.php?rest_route=%2Fwp%2Fv2%2Fmedia&parent=104"}],"curies":[{"name":"wp","href":"https:\/\/api.w.org\/{rel}","templated":true}]}}